git of 1325212?
5
What is the hundred thousands digit of 11735695?
7
What is the units digit of 655301?
1
What is the tens digit of 108302?
0
What is the ten thousands digit of 901098?
0
What is the hundreds digit of 3098699?
6
What is the tens digit of 8764722?
2
What is the hundreds digit of 828723?
7
What is the hundred thousands digit of 12097841?
0
What is the hundred thousands digit of 10592900?
5
What is the ten thousands digit of 4572423?
7
What is the ten thousands digit of 147762?
4
What is the tens digit of 16042592?
9
What is the ten thousands digit of 4407957?
0
What is the tens digit of 461007?
0
What is the thousands digit of 50140?
0
What is the thousands digit of 869917?
9
What is the units digit of 209400?
0
What is the millions digit of 11957646?
1
What is the hundreds digit of 358137?
1
What is the hundreds digit of 345857?
8
What is the hundreds digit of 256466?
4
What is the millions digit of 4797892?
4
What is the units digit of 328438?
8
What is the millions digit of 7109794?
7
What is the units digit of 76283?
3
What is the ten thousands digit of 5145758?
4
What is the tens digit of 657631?
3
What is the hundreds digit of 2478234?
2
What is the tens digit of 267019?
1
What is the tens digit of 17537848?
4
What is the hundreds digit of 5010193?
1
What is the hundred thousands digit of 3735950?
7
What is the tens digit of 21154299?
9
What is the ten thousands digit of 57327?
5
What is the units digit of 161089?
9
What is the millions digit of 10630000?
0
What is the tens digit of 3126634?
3
What is the millions digit of 11218193?
1
What is the thousands digit of 25400206?
0
What is the ten thousands digit of 3570331?
7
What is the tens digit of 558490?
9
What is the hundred thousands digit of 3496832?
4
What is the thousands digit of 532553?
2
What is the hundreds digit of 268674?
6
What is the tens digit of 2738784?
8
What is the hundred thousands digit of 7529289?
5
What is the tens digit of 1607017?
1
What is the units digit of 700834?
4
What is the hundreds digit of 8025191?
1
What is the hundred thousands digit of 543087?
5
What is the tens digit of 1299708?
0
What is the thousands digit of 4781183?
1
What is the hundred thousands digit of 8345659?
3
What is the hundreds digit of 337529?
5
What is the tens digit of 962517?
1
What is the tens digit of 2043972?
7
What is the ten thousands digit of 288854?
8
What is the ten millions digit of 11805061?
1
What is the hundred thousands digit of 20027907?
0
What is the tens digit of 1456462?
6
What is the hundred thousands digit of 390592?
3
What is the millions digit of 1968155?
1
What is the thousands digit of 240697?
0
What is the ten thousands digit of 888682?
8
What is the hundreds digit of 71083?
0
What is the hundreds digit of 866065?
0
What is the ten thousands digit of 793923?
9
What is the thousands digit of 231403?
1
What is the thousands digit of 106669?
6
What is the thousands digit of 25552774?
2
What is the thousands digit of 6278245?
8
What is the ten thousands digit of 2579954?
7
What is the tens digit of 27656319?
1
What is the ten thousands digit of 357063?
5
What is the tens digit of 5267223?
2
What is the tens digit of 125156?
5
What is the thousands digit of 23807?
3
What is the tens digit of 3687131?
3
What is the millions digit of 2591009?
2
What is the thousands digit of 566233?
6
What is the units digit of 188384?
4
What is the millions digit of 4075250?
4
What is the ten thousands digit of 18913?
1
What is the hundreds digit of 4299950?
9
What is the ten thousands digit of 21419168?
1
What is the thousands digit of 421307?
1
What is the ten thousands digit of 88405?
8
What is the ten millions digit of 11818991?
1
What is the hundred thousands digit of 1349089?
3
What is the tens digit of 5317?
1
What is the units digit of 288129?
9
What is the units digit of 751971?
1
What is the hundred thousands digit of 1605845?
6
What is the hundred thousands digit of 205933?
2
What is the thousands digit of 1571180?
1
What is the tens digit of 68530?
3
What is the ten thousands digit of 229484?
2
What is the millions digit of 9447162?
9
What is the tens digit of 25939830?
3
What is the units digit of 961900?
0
What is the thousands digit of 1705447?
5
What is the millions digit of 2232452?
2
What is the ten thousands digit of 4782619?
8
What is the millions digit of 3038656?
3
What is the thousands digit of 102465?
2
What is the hundreds digit of 423907?
9
What is the units digit of 1385356?
6
What is the thousands digit of 337774?
7
What is the thousands digit of 130182?
0
What is the hundred thousands digit of 438208?
4
What is the hundreds digit of 29764113?
1
What is the hundred thousands digit of 574080?
5
What is the ten thousands digit of 1623751?
2
What is the tens digit of 5776453?
5
What is the ten thousands digit of 15602?
1
What is the units digit of 269628?
8
What is the hundreds digit of 2159898?
8
What is the tens digit of 777125?
2
What is the tens digit of 350630?
3
What is the units digit of 1371113?
3
What is the thousands digit of 1110104?
0
What is the ten thousands digit of 203268?
0
What is the ten thousands digit of 13395783?
9
What is the hundreds digit of 2888132?
1
What is the millions digit of 16621787?
6
What is the hundreds digit of 4664895?
8
What is the ten thousands digit of 4742298?
4
What is the thousands digit of 16107348?
7
What is the thousands digit of 1594377?
4
What is the units digit of 1484721?
1
What is the tens digit of 311710?
1
What is the hundreds digit of 732020?
0
What is the hundreds digit of 93507?
5
What is the hundreds digit of 382842?
8
What is the ten thousands digit of 9578105?
7
What is the hundreds digit of 544327?
3
What is the tens digit of 88044?
4
What is the ten thousands digit of 595441?
9
What is the hundred thousands digit of 104920?
1
What is the units digit of 1246845?
5
What is the millions digit of 1679993?
1
What is the tens digit of 426067?
6
What is the thousands digit of 220311?
0
What is the ten thousands digit of 32958?
3
What is the thousands digit of 6593975?
3
What is the tens digit of 623373?
7
What is the hundreds digit of 3422943?
9
What is the ten thousands digit of 3701367?
0
What is the tens digit of 161092?
9
What is the thousands digit of 4850279?
0
What is the tens digit of 2415511?
1
What is the tens digit of 233757?
5
What is the units digit of 2101236?
6
What is the hundred thousands digit of 636152?
6
What is the millions digit of 21586632?
1
What is the tens digit of 2075882?
8
What is the units digit of 1119692?
2
What is the hundred thousands digit of 360584?
3
What is the millions digit of 1941692?
1
What is the ten thousands digit of 245101?
4
What is the ten thousands digit of 313366?
1
What is the hundred thousands digit of 110532?
1
What is the ten thousands digit of 28256437?
5
What is the thousands digit of 1805643?
5
What is the hundred thousands digit of 411870?
4
What is the units digit of 877374?
4
What is the units digit of 453685?
5
What is the hundreds digit of 260736?
7
What is the thousands digit of 43267780?
7
What is the hundreds digit of 23464?
4
What is the ten thousands digit of 525910?
2
What is the thousands digit of 468605?
8
What is the units digit of 1544554?
4
What is the tens digit of 1333563?
6
What is the hundreds digit of 152676?
6
What is the units digit of 99042?
2
What is the hundreds digit of 286354?
3
What is the hundred thousands digit of 342981?
3
What is the hundreds digit of 462000?
0
What is the tens digit of 13978?
7
What is the ten thousands digit of 369806?
6
What is the units digit of 6249081?
1
What is the ten thousands digit of 18978255?
7
What is the hundreds digit of 1234056?
0
What is the millions digit of 13711613?
3
What is the ten thousands digit of 763818?
6
What is the hundreds digit of 4376113?
1
What is the ten thousands digit of 1756498?
5
What is the units digit of 7118200?
0
What is the ten thousands digit of 853795?
5
What is the units digit of 42534?
4
What is the units digit of 955445?
5
What is the hundreds digit of 439760?
7
What is the units digit of 863880?
0
What is the tens digit of 438884?
8
What is the tens digit of 110707?
0
What is the units digit of 1115491?
1
What is the ten thousands 